{"id":37778,"date":"2018-06-22T08:47:08","date_gmt":"2018-06-22T06:47:08","guid":{"rendered":"https:\/\/www.icaib.org\/?page_id=37778"},"modified":"2026-03-03T12:07:46","modified_gmt":"2026-03-03T11:07:46","slug":"comissio-de-drets-humans","status":"publish","type":"page","link":"https:\/\/www.icaib.org\/ca\/comissio-de-drets-humans\/","title":{"rendered":"Comissi\u00f3 de drets humans"},"content":{"rendered":"<div class=\"fusion-fullwidth fullwidth-box fusion-builder-row-1 nonhundred-percent-fullwidth non-hundred-percent-height-scrolling\" style=\"--awb-border-radius-top-left:0px;--awb-border-radius-top-right:0px;--awb-border-radius-bottom-right:0px;--awb-border-radius-bottom-left:0px;--awb-flex-wrap:wrap;\" ><div class=\"fusion-builder-row fusion-row\"><div class=\"fusion-layout-column fusion_builder_column fusion-builder-column-0 fusion_builder_column_1_1 1_1 fusion-one-full fusion-column-first fusion-column-last\" style=\"--awb-bg-blend:overlay;--awb-bg-size:cover;--awb-margin-bottom:0px;\"><div class=\"fusion-column-wrapper fusion-flex-column-wrapper-legacy\"><div class=\"fusion-text fusion-text-1\"><p><strong>Presidenta: <\/strong>Lydia Blanco Rodriguez<br \/>\n<strong>Vicepresident Coordinador:<\/strong> Jos\u00e9 Javier Garc\u00eda Oliver<br \/>\n<strong>Vocals:<\/strong><\/p>\n<\/div><div class=\"fusion-builder-row fusion-builder-row-inner fusion-row\"><div class=\"fusion-layout-column fusion_builder_column_inner fusion-builder-nested-column-0 fusion_builder_column_inner_1_3 1_3 fusion-one-third fusion-column-first\" style=\"--awb-bg-blend:overlay;--awb-bg-size:cover;width:30.6666%; margin-right: 4%;\"><div class=\"fusion-column-wrapper fusion-flex-column-wrapper-legacy\"><div class=\"fusion-text fusion-text-2\"><p>Mar\u00eda del Pilar Barcel\u00f3 Dur\u00e1n<br \/>\nAntoni Vicens Pujol<br \/>\nFerran Gomila Mercadal<br \/>\nLloren\u00e7 Marc Gomila Puigr\u00f3s<br \/>\nAgust\u00edn V\u00edctor Hayles Aguil\u00f3<br \/>\nCatalina Monserrat Moll<\/p>\n<\/div><div class=\"fusion-clearfix\"><\/div><\/div><\/div><div class=\"fusion-layout-column fusion_builder_column_inner fusion-builder-nested-column-1 fusion_builder_column_inner_1_3 1_3 fusion-one-third\" style=\"--awb-bg-blend:overlay;--awb-bg-size:cover;width:30.6666%; margin-right: 4%;\"><div class=\"fusion-column-wrapper fusion-flex-column-wrapper-legacy\"><div class=\"fusion-text fusion-text-3\"><p>Luis Moy\u00e0 Noguera<br \/>\nLuis Moy\u00e0 Ant\u00f3n<br \/>\nVanesa Alou Aznar<br \/>\nGloria Olmos Su\u00f1er<br \/>\nRafael Palmer Juaneda<br \/>\nJuan Francisco Thomas Mulet<\/p>\n<\/div><div class=\"fusion-clearfix\"><\/div><\/div><\/div><div class=\"fusion-layout-column fusion_builder_column_inner fusion-builder-nested-column-2 fusion_builder_column_inner_1_3 1_3 fusion-one-third fusion-column-last\" style=\"--awb-bg-blend:overlay;--awb-bg-size:cover;width:30.6666%;\"><div class=\"fusion-column-wrapper fusion-flex-column-wrapper-legacy\"><div class=\"fusion-text fusion-text-4\"><p>Manuela M\u00aa Dos Santos Lobato Fern\u00e1ndez<br \/>\nMar\u00eda Rold\u00e1n D\u00edez<br \/>\nV\u00edctor Manuel Cornell Comas<br \/>\nAntoni Benn\u00e0ssar Moya<br \/>\nMaite Anna Lozano Fuentes<br \/>\nMar\u00eda Engracia Cintas Cunill<\/p>\n<\/div><div class=\"fusion-clearfix\"><\/div><\/div><\/div><\/div><div class=\"fusion-text fusion-text-5\"><p><strong>Documents d\u2019inter\u00e8s<\/strong><\/p>\n<\/div><div class=\"fusion-text fusion-text-6\"><p><a href='https:\/\/www.icaib.org\/wp-content\/uploads\/2015\/03\/ReglamentoComisionDDHH.pdf' target='_blank'>\n                <i class='fas fa-link'><\/i> \n                <strong>Reglament de la Comissi\u00f3 de Drets Humans<\/strong>\n            <\/a><br\/>\n<a href='https:\/\/www.icaib.org\/wp-content\/uploads\/resources\/turno_oficio\/Informe-2013-DDHH.pdf' target='_blank'>\n                <i class='fas fa-link'><\/i> \n                <strong>Informe 2013 de la Coordinadora per a la Prevenci\u00f3 i Den\u00fancia de la Tortura<\/strong>\n            <\/a><br\/>\n<a href='https:\/\/www.icaib.org\/wp-content\/uploads\/resources\/comisiones\/EN-GAZA-julio-2014.pdf' target='_blank'>\n                <i class='fas fa-link'><\/i> \n                <strong>Comunicat sobre atacs a la poblaci\u00f3 civil a la Franja de Gaza<\/strong>\n            <\/a><br\/>\n<a href='https:\/\/www.icaib.org\/wp-content\/uploads\/2015\/02\/COMUNICADO-DDHH-ENERO-2016.pdf' target='_blank'>\n                <i class='fas fa-link'><\/i> \n                <strong>1\/2016.-Comunicat de la Comissi\u00f3 sobre detenci\u00f3 bombers sevillans a Lesbos<\/strong>\n            <\/a><br\/>\n<a href='https:\/\/www.icaib.org\/wp-content\/uploads\/2017\/11\/CDH-Pistolas-Taser.pdf' target='_blank'>\n                <i class='fas fa-link'><\/i> \n                <strong>Declaraci\u00f3 de la Comissi\u00f3 de Drets Humans de l\u2019ICAIB sobre les pistoles Taser i el seu \u00fas per les policies locals<\/strong>\n            <\/a><br\/>\n<a href='https:\/\/www.icaib.org\/wp-content\/uploads\/2018\/02\/2018-1.-COMUNICADO-COMISIO\u0301N-DD.HH_.-VALTONYC.pdf' target='_blank'>\n                <i class='fas fa-link'><\/i> \n                <strong>Comunicado 1\/2018 de la Comisi\u00f3n de Derechos Humanos.<\/strong>\n            <\/a><br\/>\n<a href='https:\/\/www.icaib.org\/wp-content\/uploads\/2018\/12\/DDHH-COMUNICADO-4.-2018.pdf' target='_blank'>\n                <i class='fas fa-link'><\/i> \n                <strong>Comunicado 4\/2018 de la Comisi\u00f3n de Derechos Humanos.<\/strong>\n            <\/a><br\/>\n<a href='https:\/\/www.icaib.org\/wp-content\/uploads\/2018\/12\/DDHH-COMUNICADO-5.-2018.pdf' target='_blank'>\n                <i class='fas fa-link'><\/i> \n                <strong>Comunicado 5\/2018 de la Comisi\u00f3n de Derechos Humanos.<\/strong>\n            <\/a><br\/>\n<a href='https:\/\/www.icaib.org\/wp-content\/uploads\/2019\/01\/2019-1-COMUNICADO-DDHH.pdf' target='_blank'>\n                <i class='fas fa-link'><\/i> \n                <strong>COMUNICADO COMISI\u00d3N DERECHOS HUMANOS 1\/2019. GUANT\u00c1NAMO<\/strong>\n            <\/a><br\/>\n<a href='https:\/\/www.icaib.org\/wp-content\/uploads\/2019\/03\/COMUNICADO-COMISION-DERECHOS-HUMANOS-2.pdf' target='_blank'>\n                <i class='fas fa-link'><\/i> \n                <strong>Comunicado 2\/2019.- Situaci\u00f3n Menores Extranjeros No Acompa\u00f1ados<\/strong>\n            <\/a><br\/>\n<a href='https:\/\/www.icaib.org\/wp-content\/uploads\/2019\/08\/COMUNICADO-DDHH-OPEN-ARMS-2.pdf' target='_blank'>\n                <i class='fas fa-link'><\/i> \n                <strong>COMUNICADO DDHH OPEN ARMS<\/strong>\n            <\/a><br\/>\n<a href='https:\/\/www.icaib.org\/wp-content\/uploads\/2021\/11\/2021-COMUNICADO-NICARAGUA.pdf' target='_blank'>\n                <i class='fas fa-link'><\/i> \n                <strong>Comunicat 4. Situaci\u00f3 a Nicaragua<\/strong>\n            <\/a><br\/>\n<a href='https:\/\/www.icaib.org\/wp-content\/uploads\/2022\/04\/2022-CDH-3.-SAHARA..pdf' target='_blank'>\n                <i class='fas fa-link'><\/i> \n                <strong>Comunicat 3\/2022 CDH. S\u00e0hara.<\/strong>\n            <\/a><br\/>\n<a href='https:\/\/www.icaib.org\/wp-content\/uploads\/2022\/04\/2022-CDH-2.-CONDENA-ASESINATOS-PERIODISTAS-MEXICO.pdf' target='_blank'>\n                <i class='fas fa-link'><\/i> \n                <strong>Comunicat 2\/2022 CDH. Assassinats periodistes M\u00e8xic.<\/strong>\n            <\/a><br\/>\n<a href='https:\/\/www.icaib.org\/wp-content\/uploads\/2022\/04\/2022-CDH-1.-JULIAN-ASSANGE.pdf' target='_blank'>\n                <i class='fas fa-link'><\/i> \n                <strong>Comunicat 1\/2022 CDH. Assange.<\/strong>\n            <\/a><br\/>\n<a href='https:\/\/www.icaib.org\/wp-content\/uploads\/2023\/01\/2023-COMUNICADO-1-DDHH.pdf' target='_blank'>\n                <i class='fas fa-link'><\/i> \n                <strong>Comunicat 1\/2023 DD.HH.<\/strong>\n            <\/a><br\/><\/p>\n<\/div><div class=\"fusion-clearfix\"><\/div><\/div><\/div><\/div><\/div>\n","protected":false},"excerpt":{"rendered":"","protected":false},"author":1,"featured_media":0,"parent":0,"menu_order":200,"comment_status":"closed","ping_status":"closed","template":"","meta":{"footnotes":""},"categories":[],"tags":[],"class_list":["post-37778","page","type-page","status-publish","hentry"],"_links":{"self":[{"href":"https:\/\/www.icaib.org\/ca\/wp-json\/wp\/v2\/pages\/37778","targetHints":{"allow":["GET"]}}],"collection":[{"href":"https:\/\/www.icaib.org\/ca\/wp-json\/wp\/v2\/pages"}],"about":[{"href":"https:\/\/www.icaib.org\/ca\/wp-json\/wp\/v2\/types\/page"}],"author":[{"embeddable":true,"href":"https:\/\/www.icaib.org\/ca\/wp-json\/wp\/v2\/users\/1"}],"replies":[{"embeddable":true,"href":"https:\/\/www.icaib.org\/ca\/wp-json\/wp\/v2\/comments?post=37778"}],"version-history":[{"count":1,"href":"https:\/\/www.icaib.org\/ca\/wp-json\/wp\/v2\/pages\/37778\/revisions"}],"predecessor-version":[{"id":294766,"href":"https:\/\/www.icaib.org\/ca\/wp-json\/wp\/v2\/pages\/37778\/revisions\/294766"}],"wp:attachment":[{"href":"https:\/\/www.icaib.org\/ca\/wp-json\/wp\/v2\/media?parent=37778"}],"wp:term":[{"taxonomy":"category","embeddable":true,"href":"https:\/\/www.icaib.org\/ca\/wp-json\/wp\/v2\/categories?post=37778"},{"taxonomy":"post_tag","embeddable":true,"href":"https:\/\/www.icaib.org\/ca\/wp-json\/wp\/v2\/tags?post=37778"}],"curies":[{"name":"wp","href":"https:\/\/api.w.org\/{rel}","templated":true}]}}

Comissió de drets humans

<div class="fusion-fullwidth fullwidth-box fusion-builder-row-1 nonhundred-percent-fullwidth non-hundred-percent-height-scrolling" style="--awb-border-radius-top-left:0px;--awb-border-radius-top-right:0px;--awb-border-radius-bottom-right:0px;--awb-border-radius-bottom-left:0px;--awb-flex-wrap:wrap;" ><div class="fusion-builder-row fusion-row"><div class="fusion-layout-column fusion_builder_column fusion-builder-column-0 fusion_builder_column_1_1 1_1 fusion-one-full fusion-column-first fusion-column-last" style="--awb-bg-blend:overlay;--awb-bg-size:cover;--awb-margin-bottom:0px;"><div class="fusion-column-wrapper fusion-flex-column-wrapper-legacy"><div class="fusion-text fusion-text-1"><p><strong>Presidenta: </strong>Lydia Blanco Rodriguez<br />
<strong>Vicepresident Coordinador:</strong> José Javier García Oliver<br />
<strong>Vocals:</strong></p>
</div><div class="fusion-builder-row fusion-builder-row-inner fusion-row"><div class="fusion-layout-column fusion_builder_column_inner fusion-builder-nested-column-0 fusion_builder_column_inner_1_3 1_3 fusion-one-third fusion-column-first" style="--awb-bg-blend:overlay;--awb-bg-size:cover;width:30.6666%; margin-right: 4%;"><div class="fusion-column-wrapper fusion-flex-column-wrapper-legacy"><div class="fusion-text fusion-text-2"><p>María del Pilar Barceló Durán<br />
Antoni Vicens Pujol<br />
Ferran Gomila Mercadal<br />
Llorenç Marc Gomila Puigrós<br />
Agustín Víctor Hayles Aguiló<br />
Catalina Monserrat Moll</p>
</div><div class="fusion-clearfix"></div></div></div><div class="fusion-layout-column fusion_builder_column_inner fusion-builder-nested-column-1 fusion_builder_column_inner_1_3 1_3 fusion-one-third" style="--awb-bg-blend:overlay;--awb-bg-size:cover;width:30.6666%; margin-right: 4%;"><div class="fusion-column-wrapper fusion-flex-column-wrapper-legacy"><div class="fusion-text fusion-text-3"><p>Luis Moyà Noguera<br />
Luis Moyà Antón<br />
Vanesa Alou Aznar<br />
Gloria Olmos Suñer<br />
Rafael Palmer Juaneda<br />
Juan Francisco Thomas Mulet</p>
</div><div class="fusion-clearfix"></div></div></div><div class="fusion-layout-column fusion_builder_column_inner fusion-builder-nested-column-2 fusion_builder_column_inner_1_3 1_3 fusion-one-third fusion-column-last" style="--awb-bg-blend:overlay;--awb-bg-size:cover;width:30.6666%;"><div class="fusion-column-wrapper fusion-flex-column-wrapper-legacy"><div class="fusion-text fusion-text-4"><p>Manuela Mª Dos Santos Lobato Fernández<br />
María Roldán Díez<br />
Víctor Manuel Cornell Comas<br />
Antoni Bennàssar Moya<br />
Maite Anna Lozano Fuentes<br />
María Engracia Cintas Cunill</p>
</div><div class="fusion-clearfix"></div></div></div></div><div class="fusion-text fusion-text-5"><p><strong>Documents d’interès</strong></p>
</div><div class="fusion-text fusion-text-6"><p><a href='https://www.icaib.org/wp-content/uploads/2015/03/ReglamentoComisionDDHH.pdf' target='_blank'>
                <i class='fas fa-link'></i> 
                <strong>Reglament de la Comissió de Drets Humans</strong>
            </a><br/>
<a href='https://www.icaib.org/wp-content/uploads/resources/turno_oficio/Informe-2013-DDHH.pdf' target='_blank'>
                <i class='fas fa-link'></i> 
                <strong>Informe 2013 de la Coordinadora per a la Prevenció i Denúncia de la Tortura</strong>
            </a><br/>
<a href='https://www.icaib.org/wp-content/uploads/resources/comisiones/EN-GAZA-julio-2014.pdf' target='_blank'>
                <i class='fas fa-link'></i> 
                <strong>Comunicat sobre atacs a la població civil a la Franja de Gaza</strong>
            </a><br/>
<a href='https://www.icaib.org/wp-content/uploads/2015/02/COMUNICADO-DDHH-ENERO-2016.pdf' target='_blank'>
                <i class='fas fa-link'></i> 
                <strong>1/2016.-Comunicat de la Comissió sobre detenció bombers sevillans a Lesbos</strong>
            </a><br/>
<a href='https://www.icaib.org/wp-content/uploads/2017/11/CDH-Pistolas-Taser.pdf' target='_blank'>
                <i class='fas fa-link'></i> 
                <strong>Declaració de la Comissió de Drets Humans de l’ICAIB sobre les pistoles Taser i el seu ús per les policies locals</strong>
            </a><br/>
<a href='https://www.icaib.org/wp-content/uploads/2018/02/2018-1.-COMUNICADO-COMISIÓN-DD.HH_.-VALTONYC.pdf' target='_blank'>
                <i class='fas fa-link'></i> 
                <strong>Comunicado 1/2018 de la Comisión de Derechos Humanos.</strong>
            </a><br/>
<a href='https://www.icaib.org/wp-content/uploads/2018/12/DDHH-COMUNICADO-4.-2018.pdf' target='_blank'>
                <i class='fas fa-link'></i> 
                <strong>Comunicado 4/2018 de la Comisión de Derechos Humanos.</strong>
            </a><br/>
<a href='https://www.icaib.org/wp-content/uploads/2018/12/DDHH-COMUNICADO-5.-2018.pdf' target='_blank'>
                <i class='fas fa-link'></i> 
                <strong>Comunicado 5/2018 de la Comisión de Derechos Humanos.</strong>
            </a><br/>
<a href='https://www.icaib.org/wp-content/uploads/2019/01/2019-1-COMUNICADO-DDHH.pdf' target='_blank'>
                <i class='fas fa-link'></i> 
                <strong>COMUNICADO COMISIÓN DERECHOS HUMANOS 1/2019. GUANTÁNAMO</strong>
            </a><br/>
<a href='https://www.icaib.org/wp-content/uploads/2019/03/COMUNICADO-COMISION-DERECHOS-HUMANOS-2.pdf' target='_blank'>
                <i class='fas fa-link'></i> 
                <strong>Comunicado 2/2019.- Situación Menores Extranjeros No Acompañados</strong>
            </a><br/>
<a href='https://www.icaib.org/wp-content/uploads/2019/08/COMUNICADO-DDHH-OPEN-ARMS-2.pdf' target='_blank'>
                <i class='fas fa-link'></i> 
                <strong>COMUNICADO DDHH OPEN ARMS</strong>
            </a><br/>
<a href='https://www.icaib.org/wp-content/uploads/2021/11/2021-COMUNICADO-NICARAGUA.pdf' target='_blank'>
                <i class='fas fa-link'></i> 
                <strong>Comunicat 4. Situació a Nicaragua</strong>
            </a><br/>
<a href='https://www.icaib.org/wp-content/uploads/2022/04/2022-CDH-3.-SAHARA..pdf' target='_blank'>
                <i class='fas fa-link'></i> 
                <strong>Comunicat 3/2022 CDH. Sàhara.</strong>
            </a><br/>
<a href='https://www.icaib.org/wp-content/uploads/2022/04/2022-CDH-2.-CONDENA-ASESINATOS-PERIODISTAS-MEXICO.pdf' target='_blank'>
                <i class='fas fa-link'></i> 
                <strong>Comunicat 2/2022 CDH. Assassinats periodistes Mèxic.</strong>
            </a><br/>
<a href='https://www.icaib.org/wp-content/uploads/2022/04/2022-CDH-1.-JULIAN-ASSANGE.pdf' target='_blank'>
                <i class='fas fa-link'></i> 
                <strong>Comunicat 1/2022 CDH. Assange.</strong>
            </a><br/>
<a href='https://www.icaib.org/wp-content/uploads/2023/01/2023-COMUNICADO-1-DDHH.pdf' target='_blank'>
                <i class='fas fa-link'></i> 
                <strong>Comunicat 1/2023 DD.HH.</strong>
            </a><br/></p>
</div><div class="fusion-clearfix"></div></div></div></div></div>
